{"id":13,"date":"2022-02-04T12:13:06","date_gmt":"2022-02-04T15:13:06","guid":{"rendered":"http:\/\/lcnavarro.com\/?page_id=13"},"modified":"2022-03-14T15:20:51","modified_gmt":"2022-03-14T18:20:51","slug":"servicos-disponiveis","status":"publish","type":"page","link":"https:\/\/lcnavarro.com\/index.php\/servicos-disponiveis\/","title":{"rendered":"Servi\u00e7os"},"content":{"rendered":"\n<div class=\"wp-block-cover alignfull\" style=\"min-height:200px;aspect-ratio:unset;\"><span aria-hidden=\"true\" class=\"has-nv-site-bg-background-color has-background-dim-80 wp-block-cover__gradient-background has-background-dim\"><\/span><img loading=\"lazy\" decoding=\"async\" width=\"1536\" height=\"768\" class=\"wp-block-cover__image-background wp-image-34\" alt=\"\" src=\"https:\/\/lcnavarro.com\/wp-content\/uploads\/2022\/02\/linkedin-banner.png\" style=\"object-position:40% 84%\" data-object-fit=\"cover\" data-object-position=\"40% 84%\" srcset=\"https:\/\/lcnavarro.com\/wp-content\/uploads\/2022\/02\/linkedin-banner.png 1536w, https:\/\/lcnavarro.com\/wp-content\/uploads\/2022\/02\/linkedin-banner-300x150.png 300w, https:\/\/lcnavarro.com\/wp-content\/uploads\/2022\/02\/linkedin-banner-1024x512.png 1024w, https:\/\/lcnavarro.com\/wp-content\/uploads\/2022\/02\/linkedin-banner-768x384.png 768w\" sizes=\"auto, (max-width: 1536px) 100vw, 1536px\" \/><div class=\"wp-block-cover__inner-container is-layout-flow wp-block-cover-is-layout-flow\">\n<div class=\"wp-block-group\"><div class=\"wp-block-group__inner-container is-layout-flow wp-block-group-is-layout-flow\">\n<h1 class=\"has-text-align-left has-neve-text-color-color has-text-color wp-block-heading\" id=\"servicos-disponiveis\">Servi\u00e7os Dispon\u00edveis<\/h1>\n<\/div><\/div>\n<\/div><\/div>\n\n\n\n<div style=\"height:100px\" aria-hidden=\"true\" class=\"wp-block-spacer\"><\/div>\n\n\n\n<div class=\"wp-block-media-text alignwide is-stacked-on-mobile\" style=\"grid-template-columns:33% auto\"><figure class=\"wp-block-media-text__media\"><img loading=\"lazy\" decoding=\"async\" width=\"855\" height=\"638\" src=\"https:\/\/lcnavarro.com\/wp-content\/uploads\/2022\/02\/Captura-de-tela-2022-02-17-120626.png\" alt=\"\" class=\"wp-image-114 size-full\" srcset=\"https:\/\/lcnavarro.com\/wp-content\/uploads\/2022\/02\/Captura-de-tela-2022-02-17-120626.png 855w, https:\/\/lcnavarro.com\/wp-content\/uploads\/2022\/02\/Captura-de-tela-2022-02-17-120626-300x224.png 300w, https:\/\/lcnavarro.com\/wp-content\/uploads\/2022\/02\/Captura-de-tela-2022-02-17-120626-768x573.png 768w\" sizes=\"auto, (max-width: 855px) 100vw, 855px\" \/><\/figure><div class=\"wp-block-media-text__content\">\n<p class=\"has-large-font-size\"><strong>Projeto de preven\u00e7\u00e3o de combate a inc\u00eandio<\/strong><\/p>\n\n\n\n<p class=\"div { text-align: justify; text-justify: inter-word; }\" id=\"align=&quot;justify&quot;\">A elabora\u00e7\u00e3o do Projeto de Preven\u00e7\u00e3o e Combate \u00e0 Inc\u00eandio \u00e9 feita por equipe t\u00e9cnica especializada. Toda edifica\u00e7\u00e3o \u00e9 \u00fanica, e por isso deve ser estudado todo equipamento e instala\u00e7\u00f5es de prote\u00e7\u00e3o e combate ao inc\u00eandio para assegurar a seguran\u00e7a da edifica\u00e7\u00e3o.<\/p>\n\n\n\n<p class=\"has-text-align-left\">Lembrando que toda edifica\u00e7\u00e3o precisa ter o Certificado de Licenciamento ou Auto de Vistoria, com exce\u00e7\u00e3o das resid\u00eancias unifamiliares.<\/p>\n<\/div><\/div>\n\n\n\n<div style=\"height:30px\" aria-hidden=\"true\" class=\"wp-block-spacer\"><\/div>\n\n\n\n<div class=\"wp-block-media-text alignwide is-stacked-on-mobile\" style=\"grid-template-columns:33% auto\"><figure class=\"wp-block-media-text__media\"><img loading=\"lazy\" decoding=\"async\" width=\"885\" height=\"783\" src=\"https:\/\/lcnavarro.com\/wp-content\/uploads\/2022\/02\/Captura-de-tela-2022-02-17-115815.png\" alt=\"\" class=\"wp-image-113 size-large\" srcset=\"https:\/\/lcnavarro.com\/wp-content\/uploads\/2022\/02\/Captura-de-tela-2022-02-17-115815.png 885w, https:\/\/lcnavarro.com\/wp-content\/uploads\/2022\/02\/Captura-de-tela-2022-02-17-115815-300x265.png 300w, https:\/\/lcnavarro.com\/wp-content\/uploads\/2022\/02\/Captura-de-tela-2022-02-17-115815-768x679.png 768w\" sizes=\"auto, (max-width: 885px) 100vw, 885px\" \/><\/figure><div class=\"wp-block-media-text__content\">\n<p class=\"has-large-font-size\"><strong>Solicita\u00e7\u00e3o de auto de vistoria do Corpo de Bombeiros<\/strong><\/p>\n\n\n\n<p>Ap\u00f3s a aprova\u00e7\u00e3o e instala\u00e7\u00e3o do Projeto de preven\u00e7\u00e3o, \u00e9 solicitada a vistoria. Este passo o Corpo de Bombeiros vai verificar se as instala\u00e7\u00f5es est\u00e3o de acordo com o projeto aprovado na primeira vistoria e se a manuten\u00e7\u00e3o e o cumprimento das exig\u00eancias nas que seguem. Estando tudo certo, \u00e9 emitido o Auto de Vistoria do Corpo de Bombeiros da edifica\u00e7\u00e3o.<\/p>\n\n\n\n<p>A vistoria deve ser solicitada apenas pelo respons\u00e1vel t\u00e9cnico da edifica\u00e7\u00e3o.<\/p>\n<\/div><\/div>\n\n\n\n<div style=\"height:30px\" aria-hidden=\"true\" class=\"wp-block-spacer\"><\/div>\n\n\n\n<div class=\"wp-block-media-text alignwide is-stacked-on-mobile\" style=\"grid-template-columns:33% auto\"><figure class=\"wp-block-media-text__media\"><img loading=\"lazy\" decoding=\"async\" width=\"900\" height=\"773\" src=\"https:\/\/lcnavarro.com\/wp-content\/uploads\/2022\/02\/imagem_2022-02-21_110234.png\" alt=\"\" class=\"wp-image-139 size-large\" srcset=\"https:\/\/lcnavarro.com\/wp-content\/uploads\/2022\/02\/imagem_2022-02-21_110234.png 900w, https:\/\/lcnavarro.com\/wp-content\/uploads\/2022\/02\/imagem_2022-02-21_110234-300x258.png 300w, https:\/\/lcnavarro.com\/wp-content\/uploads\/2022\/02\/imagem_2022-02-21_110234-768x660.png 768w\" sizes=\"auto, (max-width: 900px) 100vw, 900px\" \/><\/figure><div class=\"wp-block-media-text__content\">\n<p class=\"has-large-font-size\"><strong>Projeto de Instala\u00e7\u00f5es Hidr\u00e1ulicas Hidrossanit\u00e1rias<\/strong><\/p>\n\n\n\n<p>Para garantir a efic\u00e1cia das instala\u00e7\u00f5es de sua obra, \u00e9 necess\u00e1rio elaborar um projeto das instala\u00e7\u00f5es hidr\u00e1ulicas. Garantindo longa vida \u00fatil das instala\u00e7\u00f5es de \u00e1gua pot\u00e1vel, \u00e1gua de reuso, esgoto sanit\u00e1rio e \u00e1guas de chuva.<\/p>\n\n\n\n<p>Um projeto hidr\u00e1ulico deve ser elaborado seguindo as normas segundo a necessidade de cada cliente.<\/p>\n<\/div><\/div>\n\n\n\n<div style=\"height:30px\" aria-hidden=\"true\" class=\"wp-block-spacer\"><\/div>\n\n\n\n<div class=\"wp-block-media-text alignwide is-stacked-on-mobile\" style=\"grid-template-columns:33% auto\"><figure class=\"wp-block-media-text__media\"><img loading=\"lazy\" decoding=\"async\" width=\"762\" height=\"575\" src=\"https:\/\/lcnavarro.com\/wp-content\/uploads\/2022\/02\/imagem_2022-02-21_110759.png\" alt=\"\" class=\"wp-image-140 size-full\" srcset=\"https:\/\/lcnavarro.com\/wp-content\/uploads\/2022\/02\/imagem_2022-02-21_110759.png 762w, https:\/\/lcnavarro.com\/wp-content\/uploads\/2022\/02\/imagem_2022-02-21_110759-300x226.png 300w\" sizes=\"auto, (max-width: 762px) 100vw, 762px\" \/><\/figure><div class=\"wp-block-media-text__content\">\n<p class=\"has-large-font-size\"><strong>Regulariza\u00e7\u00e3o e Licenciamento<\/strong><\/p>\n\n\n\n<p>N\u00f3s estamos preparados para atender as suas necessidades e regularizar o seu im\u00f3vel. Pe\u00e7a uma consultoria de viabilidade t\u00e9cnica para saber como regularizar o seu im\u00f3vel.<\/p>\n\n\n\n<div class=\"wp-block-buttons is-layout-flex wp-block-buttons-is-layout-flex\">\n<div class=\"wp-block-button\"><a class=\"wp-block-button__link\" href=\"http:\/\/wa.me\/5511961721618\">SAIBA MAIS<\/a><\/div>\n<\/div>\n<\/div><\/div>\n\n\n\n<div style=\"height:30px\" aria-hidden=\"true\" class=\"wp-block-spacer\"><\/div>\n\n\n\n<div class=\"wp-block-media-text alignwide is-stacked-on-mobile\" style=\"grid-template-columns:33% auto\"><figure class=\"wp-block-media-text__media\"><img loading=\"lazy\" decoding=\"async\" width=\"1024\" height=\"683\" src=\"https:\/\/lcnavarro.com\/wp-content\/uploads\/2022\/02\/headway-5QgIuuBxKwM-unsplash-1024x683.jpg\" alt=\"\" class=\"wp-image-138 size-full\" srcset=\"https:\/\/lcnavarro.com\/wp-content\/uploads\/2022\/02\/headway-5QgIuuBxKwM-unsplash-1024x683.jpg 1024w, https:\/\/lcnavarro.com\/wp-content\/uploads\/2022\/02\/headway-5QgIuuBxKwM-unsplash-300x200.jpg 300w, https:\/\/lcnavarro.com\/wp-content\/uploads\/2022\/02\/headway-5QgIuuBxKwM-unsplash-768x512.jpg 768w, https:\/\/lcnavarro.com\/wp-content\/uploads\/2022\/02\/headway-5QgIuuBxKwM-unsplash-1536x1024.jpg 1536w, https:\/\/lcnavarro.com\/wp-content\/uploads\/2022\/02\/headway-5QgIuuBxKwM-unsplash-2048x1365.jpg 2048w, https:\/\/lcnavarro.com\/wp-content\/uploads\/2022\/02\/headway-5QgIuuBxKwM-unsplash-930x620.jpg 930w\" sizes=\"auto, (max-width: 1024px) 100vw, 1024px\" \/><\/figure><div class=\"wp-block-media-text__content\">\n<p class=\"has-large-font-size\"><strong>Consultoria T\u00e9cnica<\/strong><\/p>\n\n\n\n<p>An\u00e1lise detalhada das instala\u00e7\u00f5es e equipamentos de empreendimentos comerciais<\/p>\n\n\n\n<div class=\"wp-block-buttons is-layout-flex wp-block-buttons-is-layout-flex\">\n<div class=\"wp-block-button\"><a class=\"wp-block-button__link\" href=\"http:\/\/wa.me\/5511961721618\">SAIBA MAIS<\/a><\/div>\n<\/div>\n<\/div><\/div>\n\n\n\n<div style=\"height:100px\" aria-hidden=\"true\" class=\"wp-block-spacer\"><\/div>\n\n\n\n<p><\/p>\n","protected":false},"excerpt":{"rendered":"<p>Projeto de preven\u00e7\u00e3o de combate a inc\u00eandio A elabora\u00e7\u00e3o do Projeto de Preven\u00e7\u00e3o e Combate \u00e0 Inc\u00eandio \u00e9 feita por equipe t\u00e9cnica especializada. Toda edifica\u00e7\u00e3o \u00e9 \u00fanica, e por isso deve ser estudado todo equipamento e instala\u00e7\u00f5es de prote\u00e7\u00e3o e combate ao inc\u00eandio para assegurar a seguran\u00e7a da edifica\u00e7\u00e3o. Lembrando que toda edifica\u00e7\u00e3o precisa ter&hellip;&nbsp;<a href=\"https:\/\/lcnavarro.com\/index.php\/servicos-disponiveis\/\" class=\"\" rel=\"bookmark\">Continue a ler &raquo;<span class=\"screen-reader-text\">Servi\u00e7os<\/span><\/a><\/p>\n","protected":false},"author":1,"featured_media":72,"parent":0,"menu_order":0,"comment_status":"closed","ping_status":"closed","template":"","meta":{"om_disable_all_campaigns":false,"_monsterinsights_skip_tracking":false,"_monsterinsights_sitenote_active":false,"_monsterinsights_sitenote_note":"","_monsterinsights_sitenote_category":0,"neve_meta_sidebar":"","neve_meta_container":"","neve_meta_enable_content_width":"on","neve_meta_content_width":100,"neve_meta_title_alignment":"center","neve_meta_author_avatar":"","neve_post_elements_order":"","neve_meta_disable_header":"","neve_meta_disable_footer":"","neve_meta_disable_title":"on","footnotes":""},"class_list":["post-13","page","type-page","status-publish","has-post-thumbnail","hentry"],"_links":{"self":[{"href":"https:\/\/lcnavarro.com\/index.php\/wp-json\/wp\/v2\/pages\/13","targetHints":{"allow":["GET"]}}],"collection":[{"href":"https:\/\/lcnavarro.com\/index.php\/wp-json\/wp\/v2\/pages"}],"about":[{"href":"https:\/\/lcnavarro.com\/index.php\/wp-json\/wp\/v2\/types\/page"}],"author":[{"embeddable":true,"href":"https:\/\/lcnavarro.com\/index.php\/wp-json\/wp\/v2\/users\/1"}],"replies":[{"embeddable":true,"href":"https:\/\/lcnavarro.com\/index.php\/wp-json\/wp\/v2\/comments?post=13"}],"version-history":[{"count":23,"href":"https:\/\/lcnavarro.com\/index.php\/wp-json\/wp\/v2\/pages\/13\/revisions"}],"predecessor-version":[{"id":290,"href":"https:\/\/lcnavarro.com\/index.php\/wp-json\/wp\/v2\/pages\/13\/revisions\/290"}],"wp:featuredmedia":[{"embeddable":true,"href":"https:\/\/lcnavarro.com\/index.php\/wp-json\/wp\/v2\/media\/72"}],"wp:attachment":[{"href":"https:\/\/lcnavarro.com\/index.php\/wp-json\/wp\/v2\/media?parent=13"}],"curies":[{"name":"wp","href":"https:\/\/api.w.org\/{rel}","templated":true}]}}